tive of -h**4/12 + h**3 - 5*h**2/2 + 4. Let g(m) be the second derivative of z(m). Calculate g(5).
-4
Let r = 8 + -6. Suppose 20 = r*m - 5*o, 2*m + 4 - 16 = o. Let f(z) = -z**2 + 4*z + 1. Give f(m).
-4
Let h(k) = k - 2*k + 2*k + 2*k. What is h(2)?
6
Let j(m) = -m**2 + 7*m - 6. Suppose 6*k + 18 = 3*k + 3*q, -q + 5 = 0. Let s be k/(2 + 36/(-16)). Determine j(s).
6
Let v(x) = -9*x**3 - x**2 + 19*x - 13. Let w(j) = -11*j + j + 2*j**2 + 5*j**3 - j**2 + 7. Let r be (-12)/20 + 52/(-5). Let t(d) = r*w(d) - 6*v(d). Give t(-4).
1
Let d(g) = -g**3 + 3*g**2 + 2*g + 2. Let t = 18 - 15. Calculate d(t).
8
Suppose -2*m + 3*q = -12, 2*m - q - 14 = 3*q. Let v(j) be the second derivative of 0 - 1/12*j**4 + j + 1/3*j**3 - 2*j**2. What is v(m)?
-7
Let z(u) = 0*u**2 - 2*u**2 - 5*u + 1 + 2 + u**2. What is z(-5)?
3
Let x(o) = -5 + 3 + 2*o + 3. Suppose -2*v - 7 = -n + 8, 2*v = -4*n + 10. Calculate x(n).
11
Let x(q) be the second derivative of -q**3/6 - 3*q**2/2 + 14*q. What is x(-2)?
-1
Let o(u) = 7*u - 11. Let a(c) = 4*c - 5. Let v(f) = 5*a(f) - 3*o(f). Suppose 0 = 3*p + m - 17, 3 = -p + m + 2. Give v(p).
4
Let t(d) be the third derivative of -d**4/24 - 7*d**3/6 + 3*d**2. Let p be t(-9). Suppose q = -p*q. Let c(h) = -h - 3. Calculate c(q).
-3
Suppose -2 = 2*y, 5*o + y = 4*y + 13. Let u(l) be the first derivative of 1 + 3/2*l**o + 1/3*l**3 - 5*l. Calculate u(-5).
5
Let w(a) = a**2 - 2*a - a**3 + 0*a**3 - 7*a**2 - 1 + 2*a**2. Give w(-3).
-4
Let f(x) be the second derivative of -x**4/12 + x**3/2 - 2*x**2 + x. Give f(3).
-4
Suppose 0 = -4*i - 2*i + 30. Let d(z) = -z**3 + 6*z**2 - 6*z - 4. Give d(i).
-9
Let b(x) = 41 + 3*x - 4*x - 38. Calculate b(6).
-3
Let o(v) be the first derivative of v**4/4 - 3*v**2/2 + 2*v - 1. Let d be o(2). Let f(w) be the second derivative of w**3/6 - 2*w. Determine f(d).
4
Let i(u) = 0*u**2 + 1 - 2 - 3*u**2 + 7*u**2. Let m = 5 - 4. Determine i(m).
3
Let v(f) = -f**3 + f**2 + 3*f + 4. Suppose -2*m = 3*m + 25. Let k(a) = -a - 2. Let q be k(m). Determine v(q).
-5
Let h(y) = y**2 - 2*y + 1. Let k be 1/(-3) + 80/24. What is h(k)?
4
Let h(k) = -k**2 - 3. Let s be (-15)/(-10)*(-8)/(-3). Suppose 8 = -2*m - 4*t, -s*t - 7 = -2*m + 1. Give h(m).
-3
Let t(a) = 5*a**2. Suppose 6 = -3*y + 6*y. Suppose -i - y*k - 12 = 3*i, 3*i = -2*k - 9. Let l be (0 - 3) + (-1 - i). What is t(l)?
5
Let i(o) = 5*o**2 - 3*o + 8. Let t(u) = -1 + u - 3*u**2 + 2*u**2 + 0*u**2. Let f(a) = -a - 9. Let k be f(-8). Let r(x) = k*i(x) - 6*t(x). Calculate r(4).
2
Let g(l) = -l + 1. Let o(m) = -m**2 + 4*m + 10. Let q(t) = -t**2 + 5*t + 10. Let w(c) = -4*o(c) + 3*q(c). Let s(b) = -2*g(b) - w(b). Calculate s(6).
-10
Let v(t) = t**2 + 4*t - 5. Let p(m) = m**3 + 2*m**2 - 2*m. Let s be p(-2). Let k be (s + -2)*10/(-4). Give v(k).
0
Let c(r) = -3*r**2 - 3*r. Let j be c(-2). Let a(d) = -d**2 - 5*d + 6. Let z be a(j). Let w(v) = -v + 9. Determine w(z).
9
Let l(p) = -3*p + 1. Suppose -5*n - 18 = -3*t - 48, 0 = 4*t. Let o(m) = -m**3 + 5*m**2 + 7*m - 2. Let j be o(n). Suppose -j = -2*w - 2. Calculate l(w).
-2
Let t = 231 - 229. Let o(y) = -y - 3 + 3. Determine o(t).
-2
Suppose 7 = s + k, s + 0*s + 2*k - 12 = 0. Let h(m) = m**3 - s*m**2 + 5*m**2 + 4 + 5*m**2 + 8*m. What is h(-7)?
-3
Let m be (0 - -1)*-3 + -1. Let s(y) = -2*y - 6. Let x be s(m). Let d(j) = 3 - 2*j + 2*j - 5*j + x*j**2 - j**2. Give d(3).
-3
Let q(w) = 23*w**3 - 11*w**3 + 0 - 2*w + 1 - w**2 - 10*w**3. Calculate q(-2).
-15
Let x(h) be the second derivative of h**3/6 - 4*h**2 - 17*h. What is x(6)?
-2
Let z = 6 + -6. Suppose z = -2*g - g + 15. Suppose -g*u - 24 = -u. Let c(r) = r**2 + 8*r + 7. Calculate c(u).
-5
Suppose 7*w - 6*w = 3. Let n(d) = d + 2*d**2 + w*d**2 + 3*d**2. Determine n(-1).
7
Let a(o) = -4 - 465*o + 464*o - 5. Calculate a(-6).
-3
Let f(g) be the second derivative of g**3/6 + g**2/2 - 17*g. Calculate f(1).
2
Let r(h) = -4*h**3 + 53*h**2 - 36*h - 12. Let f(q) = -q**3 + 13*q**2 - 9*q - 3. Let z(l) = -9*f(l) + 2*r(l). What is z(10)?
-7
Let w(l) = 6 + 11 - l - 14. Suppose -j - 6 = -z - 3, -14 = -4*z + 2*j. What is w(z)?
-1
Suppose 1 + 3 = 4*t - 3*h, 0 = -t + 2*h + 1. Let a(f) = -2*f**2 - 4*f + f + 1 - 6*f**2 - 3. Let w(b) = -4*b**2 - b - 1. Let x(r) = -3*a(r) + 7*w(r). Give x(t).
-3
Let g(k) = k + 3. Let z = 5 - 4. Let p = 1 - z. Suppose -2*v + 8 - 4 = p, 0 = -2*n + v - 12. What is g(n)?
-2
Let r(f) = f**2 - 2*f + 6. Let u(n) = -n**2 + 10*n - 3. Let y be u(10). Let v(h) = h**2 + 2*h + 1. Let s be v(y). Give r(s).
14
Let v(r) = r + 13. Suppose 9*f + 48 = 3*f. What is v(f)?
5
Let b(f) = f - 4*f**2 + 6*f - 3 - 3*f. Let k(t) = t**2 - 4*t + 2. Let p be k(4). Give b(p).
-11
Let d(m) = -3*m + 347 - 347. Let x(t) = -t. Let z(u) = u**2 + u - 2. Let n be z(2). Let h(s) = n*x(s) - 2*d(s). Give h(-2).
-4
Let o(k) = 5*k**3 + 2*k**2 - k. Suppose 0 = 4*n - 4 - 12. Let i(m) be the second derivative of -m**3/6 + 5*m**2/2 - 5*m. Let q be i(n). Give o(q).
6
Suppose -5*g + 18*g = -26. Let j(m) = m. Give j(g).
-2
Let f(o) = o**2 + 7*o - 3. Suppose -2*k - 3 = -13. Suppose -5*s = -2*m - 22, -37 + 11 = k*m + 2*s. Give f(m).
-9
Suppose -4 = -3*j + 5. Let p be (1/(-3))/(3/(-18)). Let g(h) = -4*h**2 + h**3 + 3 - 2*h + p*h. Calculate g(j).
-6
Let h be (-9 - -4)*(-4 - -3). Let m(f) = h + 24*f - 3 - 22*f. Determine m(-2).
-2
Let k(d) = -2 + 1 - 7*d**2 - 3 + 6*d**2. Determine k(0).
-4
Let n = 2 - 2. Suppose 5*o - 5*l - 5 = n, l = -4*o + 6*l. Let d(r) = -5*r - r**2 + r + 9*r**2 - 2*r**2 - 1 - r**3. What is d(o)?
4
Let o(c) = -2*c - 1. Let m = 48 - 26. Let w = 21 - m. Calculate o(w).
1
Let o(k) be the third derivative of k**5/60 + 5*k**3/6 - k**2. Let t(l) = l - 2. Let q be t(4). Suppose -3*d + 6 = 5*y, q*y - 3*d + 6 = y. Give o(y).
5
Let d(c) = c**3 - 4*c**2 + 2*c + 2. Let w be d(2). Suppose 5*q - t = 4*t + 5, 3 = 5*q - 3*t. Let k(j) = 3*j**2 - 2*j**2 + j + 1 + q*j + j**3. Calculate k(w).
-5
Let q(l) = l**3 - 7*l**2 + 8*l - 3. Let o = -15 + 21. Determine q(o).
9
Let m(w) = -w - 3. Let x be m(-8). Let u = -3 + x. Suppose -s + q - 6 = -u*s, 2*q = 4*s - 6. Let b(i) = -i**3 + 3*i**2 + 2. Determine b(s).
2
Let c(u) = u**2. Suppose 1 = 3*s + 7. Calculate c(s).
4
Let h(b) = b**3 - 5*b**2 + 5*b - 1. Let i = 46 + -33. Let g be -7 - (4/2 + 0). Let y = g + i. Give h(y).
3
Suppose -5*j - 4*o + 9 = 0, 6*j = j - o + 6. Let a(q) = -8*q - 1. Determine a(j).
-9
Let s be (-2 - (-3)/3)*-1. Let h(v) = 3*v + 1. Give h(s).
4
Let j(w) be the first derivative of 2 + 0*w**2 + 1/360*w**6 - 2/3*w**3 - 1/60*w**5 + 0*w - 1/12*w**4. Let l(v) be the third derivative of j(v). What is l(3)?
1
Let p = 3 + 1. Let g(w) = -w**2 + 6*w - 5. Let r be g(p). Let o(f) be the second derivative of f**3/2 - 3*f**2/2 + f. Give o(r).
6
Let d(y) be the second derivative of -y + 0 + 1/2*y**2 - 1/6*y**3 - 1/4*y**4. Calculate d(2).
-13
Let a(d) = -8 - 4*d + 11 - d. Let y be -4 + (-4)/(2 - -2). Let v be ((-2)/(-5))/((-1)/y). Determine a(v).
-7
Let i = 89 - 83. Let l(x) = -2*x - x**2 + x + 8 + 6*x. Calculate l(i).
2
Let i(v) = -v**3 - 7*v**2 + v - 3. Let n(d) = d**2 - 15*d + 19. Let u be n(13). Calculate i(u).
-10
Let v(n) be the second derivative of -n**5/20 + n**4/3 + 2*n**3/3 - 3*n**2/2 + 14*n. Give v(5).
-8
Let v(o) = o**2 - o + o**2 + 5 - 6. Let w(y) = -y**2 + 5*y - 2. Let b be w(5). What is v(b)?
9
Let o(x) = -13*x + 25. Let b(u) = -12*u + 26. Let z(l) = 4*b(l) - 3*o(l). Let y(w) = -5*w + 15. Let v(m) = 11*y(m) - 6*z(m). Let a = -37 - -32. What is v(a)?
-4
Let j(f) be the second derivative of f**3/6 - 2*f**2 - 23*f. Calculate j(0).
-4
Let h(j) = 3*j - 4*j**2 - j**3 - j**3 + 3*j**3. Let n be 88/24 - (-4)/(-6). Give h(n).
0
Let q(y) = -14 - 21 + 35 + y. Determine q(9).
9
Let d(y) = 5*y**2 - y. Let p be d(-1). Let n be p/12 - (-6)/4. Let u(j) = j**3 + j**2 - 2*j - 1. Calculate u(n).
7
Let n(b) = 2*b - 3 + b**2 - 3*b - b**3 + 0*b + 3*b. Determine n(2).
-3
Let p(v) be the third derivative of v**6/120 + v**5/60 + v**4/24 + 13*v**3/6 + 2*v**2. Let q be 7/(-21) + (-2)/(-6). Determine p(q).
13
Let n = -4 + -1. Let h(r) = -3*r + r**3 + 0*r**3 - 3*r**2 + 3 - 2*r**2 + 9*r**2. Give h(n).
-7
Let j(x) = -x**3 + x**2 + x - 1. Let b = -33 - -35. What is j(b)?
-3
Let c(f) = -f**2 - 7*f - 3. Let k(g) = -g + 5. Let i(m) = 2*m + 9. Let o be i(-7). Let q be k(o). Suppose -4 = -4*t, -3*r + 3*t - q = 2. Calculate c(r).
9
Le